2, 3, 5, 37
List the prime factors of 5897.
5897
List the prime factors of 18865.
5, 7, 11
List the prime factors of 762.
2, 3, 127
List the prime factors of 3739.
3739
What are the prime factors of 62603?
62603
What are the prime factors of 2994?
2, 3, 499
List the prime factors of 129232.
2, 41, 197
What are the prime factors of 12700?
2, 5, 127
What are the prime factors of 75560?
2, 5, 1889
List the prime factors of 4409.
4409
What are the prime factors of 82381?
13, 6337
List the prime factors of 12821.
12821
List the prime factors of 64084.
2, 37, 433
List the prime factors of 216.
2, 3
What are the prime factors of 4044?
2, 3, 337
List the prime factors of 571.
571
List the prime factors of 2433.
3, 811
What are the prime factors of 107255?
5, 19, 1129
What are the prime factors of 5405?
5, 23, 47
List the prime factors of 23926.
2, 7, 1709
What are the prime factors of 1792?
2, 7
List the prime factors of 773.
773
List the prime factors of 1468.
2, 367
List the prime factors of 15513.
3, 5171
List the prime factors of 8355.
3, 5, 557
What are the prime factors of 7442?
2, 61
What are the prime factors of 25337?
13, 1949
What are the prime factors of 22833?
3, 43, 59
What are the prime factors of 805?
5, 7, 23
List the prime factors of 485.
5, 97
What are the prime factors of 8111?
8111
What are the prime factors of 2395?
5, 479
What are the prime factors of 175338?
2, 3, 17, 191
What are the prime factors of 1385?
5, 277
What are the prime factors of 12450?
2, 3, 5, 83
What are the prime factors of 13053?
3, 19, 229
List the prime factors of 776.
2, 97
What are the prime factors of 4161?
3, 19, 73
List the prime factors of 33558.
2, 3, 7, 17, 47
List the prime factors of 125742.
2, 3, 19, 1103
List the prime factors of 46.
2, 23
List the prime factors of 3599.
59, 61
What are the prime factors of 6090?
2, 3, 5, 7, 29
List the prime factors of 22184.
2, 47, 59
List the prime factors of 911.
911
What are the prime factors of 2524?
2, 631
What are the prime factors of 19?
19
List the prime factors of 6755.
5, 7, 193
What are the prime factors of 55738?
2, 29, 31
List the prime factors of 5785.
5, 13, 89
What are the prime factors of 18653?
23, 811
List the prime factors of 54012.
2, 3, 7, 643
What are the prime factors of 28554?
2, 3, 4759
List the prime factors of 4545.
3, 5, 101
What are the prime factors of 2325?
3, 5, 31
List the prime factors of 28606.
2, 14303
What are the prime factors of 111198?
2, 3, 43, 431
List the prime factors of 5388.
2, 3, 449
List the prime factors of 1429.
1429
List the prime factors of 3372.
2, 3, 281
What are the prime factors of 2226?
2, 3, 7, 53
List the prime factors of 1312.
2, 41
What are the prime factors of 9052?
2, 31, 73
What are the prime factors of 1008?
2, 3, 7
What are the prime factors of 2571?
3, 857
What are the prime factors of 13598?
2, 13, 523
What are the prime factors of 185933?
11, 16903
List the prime factors of 10987.
10987
List the prime factors of 3046.
2, 1523
What are the prime factors of 1546?
2, 773
What are the prime factors of 6509?
23, 283
What are the prime factors of 114580?
2, 5, 17, 337
List the prime factors of 699.
3, 233
What are the prime factors of 128799?
3, 11, 1301
List the prime factors of 8292.
2, 3, 691
List the prime factors of 1208.
2, 151
List the prime factors of 7130.
2, 5, 23, 31
List the prime factors of 815.
5, 163
List the prime factors of 9575.
5, 383
List the prime factors of 18972.
2, 3, 17, 31
List the prime factors of 7425.
3, 5, 11
What are the prime factors of 49854?
2, 3, 7, 1187
What are the prime factors of 3921?
3, 1307
List the prime factors of 3009.
3, 17, 59
What are the prime factors of 5449?
5449
What are the prime factors of 13594?
2, 7, 971
List the prime factors of 4266.
2, 3, 79
What are the prime factors of 8192?
2
What are the prime factors of 1218?
2, 3, 7, 29
What are the prime factors of 5485?
5, 1097
List the prime factors of 38004.
2, 3, 3167
List the prime factors of 1510.
2, 5, 151
List the prime factors of 3206.
2, 7, 229
List the prime factors of 53876.
2, 13469
What are the prime factors of 2587?
13, 199
List the prime factors of 83743.
11, 23, 331
What are the prime factors of 412?
2, 103
What are the prime factors of 110243?
7, 15749
List the prime factors of 27619.
71, 389
What are the prime factors of 1337?
7, 191
What are the prime factors of 2450?
2, 5, 7
List the prime factors of 386.
2, 193
What are the prime factors of 33057?
3, 3673
List the prime factors of 374.
2, 11, 17
What are the prime factors of 1174?
2, 587
List the prime factors of 565.
5, 113
What are the prime factors of 36194?
2, 18097
What are the prime factors of 61644?
2, 3, 11, 467
What are the prime factors of 1350?
2, 3, 5
What are the prime factors of 3659?
3659
What are the prime factors of 741?
3, 13, 19
List the prime factors of 2072.
2, 7, 37
List the prime factors of 164.
2, 41
List the prime factors of 10273.
10273
What are the prime factors of 972?
2, 3
List the prime factors of 1594.
2, 797
What are the prime factors of 341?
11, 31
List the prime factors of 64119.
3, 11, 29, 67
List the prime factors of 3732.
2, 3, 311
What are the prime factors of 394?
2, 197
What are the prime factors of 64433?
64433
What are the prime factors of 516?
2, 3, 43
What are the prime factors of 4169?
11, 379
List the prime factors of 568.
2, 71
What are the prime factors of 549?
3, 61
List the prime factors of 6876.
2, 3, 191
List the prime factors of 44358.
2, 3, 7393
List the prime factors of 5669.
5669
What are the prime factors of 5199?
3, 1733
List the prime factors of 118.
2, 59
List the prime factors of 3272.
2, 409
What are the prime factors of 286?
2, 11, 13
What are the prime factors of 1767?
3, 19, 31
What are the prime factors of 13623?
3, 19, 239
What are the prime factors of 23977?
23977
List the prime factors of 31445.
5, 19, 331
What are the prime factors of 6112?
2, 191
List the prime factors of 591.
3, 197
What are the prime factors of 101072?
2, 6317
What are the prime factors of 46252?
2, 31, 373
List the prime factors of 90479.
173, 523
What are the prime factors of 2095?
5, 419
What are the prime factors of 13971?
3, 4657
What are the prime factors of 9760?
2, 5, 61
What are the prime factors of 33871?
33871
What are the prime factors of 64098?
2, 3, 1187
List the prime factors of 455.
5, 7, 13
What are the prime factors of 1111?
11, 101
What are the prime factors of 116745?
3, 5, 43, 181
What are the prime factors of 10232?
2, 1279
List the prime factors of 4213.
11, 383
What are the prime factors of 35675?
5, 1427
List the prime factors of 2557.
2557
What are the prime factors of 8867?
8867
List the prime factors of 3700.
2, 5, 37
List the prime factors of 2635.
5, 17, 31
List the prime factors of 3368.
2, 421
List the prime factors of 1170.
2, 3, 5, 13
List the prime factors of 74716.
2, 18679
List the prime factors of 10607.
10607
List the prime factors of 23160.
2, 3, 5, 193
List the prime factors of 8759.
19, 461
What are the prime factors of 1397?
11, 127
What are the prime factors of 15490?
2, 5, 1549
List the prime factors of 24474.
2, 3, 4079
What are the prime factors of 5426?
2, 2713
What are the prime factors of 110593?
7, 37, 61
List the prime factors of 5547.
3, 43
What are the prime factors of 1818?
2, 3, 101
What are the prime factors of 54928?
2, 3433
List the prime factors of 126086.
2, 23, 2741
What are the prime factors of 74370?
2, 3, 5, 37, 67
What are the prime factors of 146?
2, 73
List the prime factors of 31897.
167, 191
List the prime factors of 82884.
2, 3, 6907
List the prime factors of 644.
2, 7, 23
What are the prime factors of 4715?
5, 23, 41
What are the prime factors of 5749?
5749
List the prime factors of 5064.
2, 3, 211
List the prime factors of 631.
631
List the prime factors of 13207.
47, 281
What are the prime factors of 13510?
2, 5, 7, 193
List the prime factors of 918.
2, 3, 17
What are the prime factors of 98700?
2, 3, 5, 7, 47
What are the prime factors of 58407?
3, 19469
What are the prime factors of 12308?
2, 17, 181
List the prime factors of 499.
499
List the prime factors of 712.
2, 89
What are the prime factors of 7200?
2, 3, 5
What are the prime factors of 93203?
11, 37, 22